{"id":161,"date":"2019-08-20T10:32:34","date_gmt":"2019-08-20T08:32:34","guid":{"rendered":"https:\/\/leseditionsduvignoble.com\/?post_type=product&#038;p=161"},"modified":"2022-06-23T14:54:28","modified_gmt":"2022-06-23T12:54:28","slug":"aline-fille-du-canal","status":"publish","type":"product","link":"https:\/\/leseditionsduvignoble.com\/index.php\/produit\/aline-fille-du-canal\/","title":{"rendered":"Aline fille du canal"},"content":{"rendered":"<p>Un monde nouveau s\u2019ouvre \u00e0 Paulin, jeune \u00e9colier Morvandiau jet\u00e9 dans la vie au lendemain de la Grande Boucherie. Celui de la batellerie. Un monde insoup\u00e7onn\u00e9\u00a0: le canal et ses usagers, \u00e9clusiers, gardes de navigation, charretiers appel\u00e9s <em>canalous<\/em>, toute une humanit\u00e9, presque une communaut\u00e9 vivant par le canal et pour lui.<\/p>\n<p>Puis <em>La Bougonne<\/em>appara\u00eet avec Aline, flanqu\u00e9e du pas commode L\u00e9on. Elle va marquer pour Paulin un tournant irr\u00e9m\u00e9diable dans sa vie d\u2019homme.<\/p>\n<p>Une aventure humaine o\u00f9 le canal de Bourgogne, plus qu\u2019un d\u00e9cor, devient un \u00ab\u00a0h\u00e9ros\u00a0\u00bb \u00e0 part enti\u00e8re.<\/p>\n","protected":false},"excerpt":{"rendered":"<p>Un monde nouveau s\u2019ouvre \u00e0 Paulin, jeune \u00e9colier Morvandiau jet\u00e9 dans la vie au lendemain de la Grande Boucherie. Celui de la batellerie. Un monde insoup\u00e7onn\u00e9\u00a0: le canal et ses usagers, \u00e9clusiers, gardes de navigation, charretiers appel\u00e9s canalous, toute une humanit\u00e9, presque une communaut\u00e9 vivant par le canal et pour lui. Puis La Bougonneappara\u00eet avec Aline, flanqu\u00e9e du pas commode L\u00e9on. Elle va marquer pour Paulin un tournant irr\u00e9m\u00e9diable dans sa vie d\u2019homme. Une aventure humaine o\u00f9 le canal de&#8230;<\/p>\n<p class=\"read-more\"><a class=\"btn btn-default\" href=\"https:\/\/leseditionsduvignoble.com\/index.php\/produit\/aline-fille-du-canal\/\">Lire la suite<span class=\"screen-reader-text\"> Lire la suite<\/span><\/a><\/p>\n","protected":false},"featured_media":160,"comment_status":"open","ping_status":"closed","template":"","meta":{"_monsterinsights_skip_tracking":false,"_monsterinsights_sitenote_active":false,"_monsterinsights_sitenote_note":"","_monsterinsights_sitenote_category":0},"product_brand":[],"product_cat":[19],"product_tag":[],"class_list":{"0":"post-161","1":"product","2":"type-product","3":"status-publish","4":"has-post-thumbnail","6":"product_cat-boutique-en-ligne","8":"first","9":"instock","10":"shipping-taxable","11":"purchasable","12":"product-type-simple"},"_links":{"self":[{"href":"https:\/\/leseditionsduvignoble.com\/index.php\/wp-json\/wp\/v2\/product\/161","targetHints":{"allow":["GET"]}}],"collection":[{"href":"https:\/\/leseditionsduvignoble.com\/index.php\/wp-json\/wp\/v2\/product"}],"about":[{"href":"https:\/\/leseditionsduvignoble.com\/index.php\/wp-json\/wp\/v2\/types\/product"}],"replies":[{"embeddable":true,"href":"https:\/\/leseditionsduvignoble.com\/index.php\/wp-json\/wp\/v2\/comments?post=161"}],"wp:featuredmedia":[{"embeddable":true,"href":"https:\/\/leseditionsduvignoble.com\/index.php\/wp-json\/wp\/v2\/media\/160"}],"wp:attachment":[{"href":"https:\/\/leseditionsduvignoble.com\/index.php\/wp-json\/wp\/v2\/media?parent=161"}],"wp:term":[{"taxonomy":"product_brand","embeddable":true,"href":"https:\/\/leseditionsduvignoble.com\/index.php\/wp-json\/wp\/v2\/product_brand?post=161"},{"taxonomy":"product_cat","embeddable":true,"href":"https:\/\/leseditionsduvignoble.com\/index.php\/wp-json\/wp\/v2\/product_cat?post=161"},{"taxonomy":"product_tag","embeddable":true,"href":"https:\/\/leseditionsduvignoble.com\/index.php\/wp-json\/wp\/v2\/product_tag?post=161"}],"curies":[{"name":"wp","href":"https:\/\/api.w.org\/{rel}","templated":true}]}}