{"id":108,"date":"2019-08-27T20:05:16","date_gmt":"2019-08-27T18:05:16","guid":{"rendered":"http:\/\/leseditionsduvignoble.com\/index.php\/produit\/import-placeholder-for-750\/"},"modified":"2022-06-23T14:52:43","modified_gmt":"2022-06-23T12:52:43","slug":"lattrape-reves","status":"publish","type":"product","link":"https:\/\/leseditionsduvignoble.com\/index.php\/produit\/lattrape-reves\/","title":{"rendered":"L&rsquo;attrape-R\u00eaves"},"content":{"rendered":"<p>&nbsp;<\/p>\n<p><span style=\"font-family: 'times new roman', times, serif;\">\u00a0 \u00a0Dans ce roman, Paul, un jeune \u00e9crivain, va d\u00e9couvrir \u00e0 ses d\u00e9pens qu\u2019il est victime d\u2019un ph\u00e9nom\u00e8ne inexplicable\u00a0: Tout ce qu\u2019il \u00e9crit finit un jour par se r\u00e9aliser. Cette d\u00e9couverte va bouleverser sa vie. Il va devoir affronter des forces qui lui \u00e9chappent, qui vont le mettre en danger et l\u2019obliger \u00e0 des choix d\u00e9chirants.<\/span><\/p>\n<p><span style=\"font-family: 'times new roman', times, serif;\">Et si la r\u00e9alit\u00e9, en mal d\u2019imagination s\u2019inspirait de la fiction\u00a0?<\/span><\/p>\n<p>&nbsp;<\/p>\n<p>&nbsp;<\/p>\n","protected":false},"excerpt":{"rendered":"<p><span style=\"font-family: times new roman, times, serif;\">\u00a0<\/span><\/p>\n","protected":false},"featured_media":122,"comment_status":"closed","ping_status":"closed","template":"","meta":{"_monsterinsights_skip_tracking":false,"_monsterinsights_sitenote_active":false,"_monsterinsights_sitenote_note":"","_monsterinsights_sitenote_category":0},"product_brand":[],"product_cat":[19],"product_tag":[],"class_list":{"0":"post-108","1":"product","2":"type-product","3":"status-publish","4":"has-post-thumbnail","6":"product_cat-boutique-en-ligne","8":"first","9":"instock","10":"featured","11":"shipping-taxable","12":"purchasable","13":"product-type-simple"},"_links":{"self":[{"href":"https:\/\/leseditionsduvignoble.com\/index.php\/wp-json\/wp\/v2\/product\/108","targetHints":{"allow":["GET"]}}],"collection":[{"href":"https:\/\/leseditionsduvignoble.com\/index.php\/wp-json\/wp\/v2\/product"}],"about":[{"href":"https:\/\/leseditionsduvignoble.com\/index.php\/wp-json\/wp\/v2\/types\/product"}],"replies":[{"embeddable":true,"href":"https:\/\/leseditionsduvignoble.com\/index.php\/wp-json\/wp\/v2\/comments?post=108"}],"wp:featuredmedia":[{"embeddable":true,"href":"https:\/\/leseditionsduvignoble.com\/index.php\/wp-json\/wp\/v2\/media\/122"}],"wp:attachment":[{"href":"https:\/\/leseditionsduvignoble.com\/index.php\/wp-json\/wp\/v2\/media?parent=108"}],"wp:term":[{"taxonomy":"product_brand","embeddable":true,"href":"https:\/\/leseditionsduvignoble.com\/index.php\/wp-json\/wp\/v2\/product_brand?post=108"},{"taxonomy":"product_cat","embeddable":true,"href":"https:\/\/leseditionsduvignoble.com\/index.php\/wp-json\/wp\/v2\/product_cat?post=108"},{"taxonomy":"product_tag","embeddable":true,"href":"https:\/\/leseditionsduvignoble.com\/index.php\/wp-json\/wp\/v2\/product_tag?post=108"}],"curies":[{"name":"wp","href":"https:\/\/api.w.org\/{rel}","templated":true}]}}